{"id":597,"date":"2023-07-06T08:40:28","date_gmt":"2023-07-06T07:40:28","guid":{"rendered":"http:\/\/yc-a.fr\/?page_id=597"},"modified":"2023-07-06T09:11:31","modified_gmt":"2023-07-06T08:11:31","slug":"college-600-osny","status":"publish","type":"page","link":"http:\/\/yc-a.fr\/index.php\/college-600-osny\/","title":{"rendered":"Coll\u00e8ge 600 &#8211; OSNY"},"content":{"rendered":"\n<p>Construction d&rsquo;un coll\u00e8ge &#8211; 600 \u00e9l\u00e8ves<br>Projet HQE<\/p>\n\n\n\n<p><strong>> OSNY (95)<\/strong><\/p>\n\n\n\n<figure class=\"wp-block-image size-large\"><a href=\"http:\/\/yc-a.fr\/wp-content\/uploads\/2023\/07\/OSN_01-DEF-scaled.jpg\"><img loading=\"lazy\" width=\"1024\" height=\"577\" src=\"http:\/\/yc-a.fr\/wp-content\/uploads\/2023\/07\/OSN_01-DEF-1024x577.jpg\" alt=\"\" class=\"wp-image-598\" srcset=\"http:\/\/yc-a.fr\/wp-content\/uploads\/2023\/07\/OSN_01-DEF-1024x577.jpg 1024w, http:\/\/yc-a.fr\/wp-content\/uploads\/2023\/07\/OSN_01-DEF-300x169.jpg 300w, http:\/\/yc-a.fr\/wp-content\/uploads\/2023\/07\/OSN_01-DEF-768x432.jpg 768w, http:\/\/yc-a.fr\/wp-content\/uploads\/2023\/07\/OSN_01-DEF-1536x865.jpg 1536w, http:\/\/yc-a.fr\/wp-content\/uploads\/2023\/07\/OSN_01-DEF-2048x1153.jpg 2048w, http:\/\/yc-a.fr\/wp-content\/uploads\/2023\/07\/OSN_01-DEF-640x360.jpg 640w\" sizes=\"(max-width: 1024px) 100vw, 1024px\" \/><\/a><figcaption>Vue de l&rsquo;entr\u00e9e principale des \u00e9l\u00e8ves<\/figcaption><\/figure>\n\n\n\n<figure class=\"wp-block-image size-large\"><a href=\"http:\/\/yc-a.fr\/wp-content\/uploads\/2023\/07\/OSN_02-DEF-scaled.jpg\"><img loading=\"lazy\" width=\"1024\" height=\"614\" src=\"http:\/\/yc-a.fr\/wp-content\/uploads\/2023\/07\/OSN_02-DEF-1024x614.jpg\" alt=\"\" class=\"wp-image-599\" srcset=\"http:\/\/yc-a.fr\/wp-content\/uploads\/2023\/07\/OSN_02-DEF-1024x614.jpg 1024w, http:\/\/yc-a.fr\/wp-content\/uploads\/2023\/07\/OSN_02-DEF-300x180.jpg 300w, http:\/\/yc-a.fr\/wp-content\/uploads\/2023\/07\/OSN_02-DEF-768x461.jpg 768w, http:\/\/yc-a.fr\/wp-content\/uploads\/2023\/07\/OSN_02-DEF-1536x921.jpg 1536w, http:\/\/yc-a.fr\/wp-content\/uploads\/2023\/07\/OSN_02-DEF-2048x1229.jpg 2048w\" sizes=\"(max-width: 1024px) 100vw, 1024px\" \/><\/a><figcaption>Vue du hall d&rsquo;entr\u00e9e et du foyer<\/figcaption><\/figure>\n\n\n\n<figure class=\"wp-block-image size-large\"><a href=\"http:\/\/yc-a.fr\/wp-content\/uploads\/2023\/07\/OSN_03-DEF-scaled.jpg\"><img loading=\"lazy\" width=\"1024\" height=\"632\" src=\"http:\/\/yc-a.fr\/wp-content\/uploads\/2023\/07\/OSN_03-DEF-1024x632.jpg\" alt=\"\" class=\"wp-image-600\" srcset=\"http:\/\/yc-a.fr\/wp-content\/uploads\/2023\/07\/OSN_03-DEF-1024x632.jpg 1024w, http:\/\/yc-a.fr\/wp-content\/uploads\/2023\/07\/OSN_03-DEF-300x185.jpg 300w, http:\/\/yc-a.fr\/wp-content\/uploads\/2023\/07\/OSN_03-DEF-768x474.jpg 768w, http:\/\/yc-a.fr\/wp-content\/uploads\/2023\/07\/OSN_03-DEF-1536x949.jpg 1536w, http:\/\/yc-a.fr\/wp-content\/uploads\/2023\/07\/OSN_03-DEF-2048x1265.jpg 2048w\" sizes=\"(max-width: 1024px) 100vw, 1024px\" \/><\/a><figcaption>Vue a\u00e9rienne<\/figcaption><\/figure>\n\n\n\n<p><\/p>\n\n\n\n<p><strong>MAO\/<\/strong> Conseil D\u00e9partemental du Val d&rsquo;Oise<br><strong>Surface SHON\/<\/strong> 5617 m2<br><strong>Co\u00fbt des travaux HT\/<\/strong> 11 250 000 \u20ac<br><strong>Mission\/<\/strong> Compl\u00e8te loi MOP<br><strong>Description\/<\/strong> Restructuration et extension d&rsquo;un coll\u00e8ge 600 \u00e9l\u00e8ves<br>Enseignement g\u00e9n\u00e9ral, 1\/2 pension, sports, logements de fonction<br><strong>Calendrier\/<\/strong> Concours 2021<br><strong>MOE\/<\/strong> YCA Yves Chemineau Architecte mandataire &#8211; Atrium architecture 95<\/p>\n","protected":false},"excerpt":{"rendered":"<p>Construction d&rsquo;un coll\u00e8ge &#8211; 600 \u00e9l\u00e8vesProjet HQE > OSNY (95) MAO\/ Conseil D\u00e9partemental du Val&#8230;<\/p>\n","protected":false},"author":2,"featured_media":0,"parent":0,"menu_order":0,"comment_status":"closed","ping_status":"closed","template":"","meta":[],"_links":{"self":[{"href":"http:\/\/yc-a.fr\/index.php\/wp-json\/wp\/v2\/pages\/597"}],"collection":[{"href":"http:\/\/yc-a.fr\/index.php\/wp-json\/wp\/v2\/pages"}],"about":[{"href":"http:\/\/yc-a.fr\/index.php\/wp-json\/wp\/v2\/types\/page"}],"author":[{"embeddable":true,"href":"http:\/\/yc-a.fr\/index.php\/wp-json\/wp\/v2\/users\/2"}],"replies":[{"embeddable":true,"href":"http:\/\/yc-a.fr\/index.php\/wp-json\/wp\/v2\/comments?post=597"}],"version-history":[{"count":3,"href":"http:\/\/yc-a.fr\/index.php\/wp-json\/wp\/v2\/pages\/597\/revisions"}],"predecessor-version":[{"id":638,"href":"http:\/\/yc-a.fr\/index.php\/wp-json\/wp\/v2\/pages\/597\/revisions\/638"}],"wp:attachment":[{"href":"http:\/\/yc-a.fr\/index.php\/wp-json\/wp\/v2\/media?parent=597"}],"curies":[{"name":"wp","href":"https:\/\/api.w.org\/{rel}","templated":true}]}}